{"id":429,"date":"2017-12-22T16:00:26","date_gmt":"2017-12-22T16:00:26","guid":{"rendered":"http:\/\/luxospackaging.com\/blog\/?page_id=429"},"modified":"2020-02-10T15:07:04","modified_gmt":"2020-02-10T15:07:04","slug":"contacto","status":"publish","type":"page","link":"https:\/\/luxospackaging.com\/blog\/contacto\/","title":{"rendered":"Contacto"},"content":{"rendered":"<p><span style=\"color: #4a4a4a;\"><strong>Contacte con nosotros en el siguiente formulario para cualquier duda:<\/strong><\/span><\/p>\n\n<div class=\"wpcf7 no-js\" id=\"wpcf7-f43-o1\" lang=\"es-ES\" dir=\"ltr\">\n<div class=\"screen-reader-response\"><p role=\"status\" aria-live=\"polite\" aria-atomic=\"true\"><\/p> <ul><\/ul><\/div>\n<form action=\"\/blog\/wp-json\/wp\/v2\/pages\/429#wpcf7-f43-o1\" method=\"post\" class=\"wpcf7-form init\" aria-label=\"Formulario de contacto\" novalidate=\"novalidate\" data-status=\"init\">\n<div style=\"display: none;\">\n<input type=\"hidden\" name=\"_wpcf7\" value=\"43\" \/>\n<input type=\"hidden\" name=\"_wpcf7_version\" value=\"5.9.8\" \/>\n<input type=\"hidden\" name=\"_wpcf7_locale\" value=\"es_ES\" \/>\n<input type=\"hidden\" name=\"_wpcf7_unit_tag\" value=\"wpcf7-f43-o1\" \/>\n<input type=\"hidden\" name=\"_wpcf7_container_post\" value=\"0\" \/>\n<input type=\"hidden\" name=\"_wpcf7_posted_data_hash\" value=\"\" \/>\n<\/div>\n<p>Su nombre (requerido)\n<\/p>\n<p><span class=\"wpcf7-form-control-wrap\" data-name=\"your-name\"><input size=\"40\" maxlength=\"400\" class=\"wpcf7-form-control wpcf7-text wpcf7-validates-as-required\" aria-required=\"true\" aria-invalid=\"false\" value=\"\" type=\"text\" name=\"your-name\" \/><\/span>\n<\/p>\n<p>Su e-mail (requerido)\n<\/p>\n<p><span class=\"wpcf7-form-control-wrap\" data-name=\"your-email\"><input size=\"40\" maxlength=\"400\" class=\"wpcf7-form-control wpcf7-email wpcf7-validates-as-required wpcf7-text wpcf7-validates-as-email\" aria-required=\"true\" aria-invalid=\"false\" value=\"\" type=\"email\" name=\"your-email\" \/><\/span>\n<\/p>\n<p>Asunto\n<\/p>\n<p><span class=\"wpcf7-form-control-wrap\" data-name=\"your-subject\"><input size=\"40\" maxlength=\"400\" class=\"wpcf7-form-control wpcf7-text\" aria-invalid=\"false\" value=\"\" type=\"text\" name=\"your-subject\" \/><\/span>\n<\/p>\n<p>Su mensaje\n<\/p>\n<p><span class=\"wpcf7-form-control-wrap\" data-name=\"your-message\"><textarea cols=\"40\" rows=\"10\" maxlength=\"2000\" class=\"wpcf7-form-control wpcf7-textarea\" aria-invalid=\"false\" name=\"your-message\"><\/textarea><\/span>\n<\/p>\n<p><span class=\"wpcf7-form-control-wrap\" data-name=\"acceptance-128\"><span class=\"wpcf7-form-control wpcf7-acceptance\"><span class=\"wpcf7-list-item\"><input type=\"checkbox\" name=\"acceptance-128\" value=\"1\" aria-invalid=\"false\" \/><\/span><\/span><\/span> He le\u00eddo y acepto los t\u00e9rminos y condiciones. <a href=\"https:\/\/luxospackaging.com\/es\/content\/9-terminos-y-condiciones\">*Leer Pol\u00edtica de privacidad <\/a>\n<\/p>\n<p><small> RESPONSABLE: ESTUDI GRAF, SA. FINALIDAD: Dar respuesta a su consulta. LEGITIMACI\u00d3N: Consentimiento del interesado. DESTINATARIOS: Los datos facilitados estar\u00e1n ubicados en los servidores de Gurbtec Telecom (proveedor de servicios de hosting). <a href=https:\/\/goufone.com\/proteccio-dades\">\u201cVer pol\u00edtica privacidad Gurbtec Telecom . <\/a>DERECHOS: Acceder, rectificar y suprimir los datos, portabilidad de los datos, limitaci\u00f3n u oposici\u00f3n a su tratamiento. INFORMACI\u00d3N ADICIONAL: Puede consultar la informaci\u00f3n adicional y detallada sobre nuestra<a href=http:\/\/luxospackaging.com\/blog\/politica-de-privacidad\/> \u201cPol\u00edtica de Privacidad\u201d.<\/a><\/small>\n<\/p>\n<p><input class=\"wpcf7-form-control wpcf7-submit has-spinner\" type=\"submit\" value=\"Enviar\" \/>\n<\/p><p style=\"display: none !important;\" class=\"akismet-fields-container\" data-prefix=\"_wpcf7_ak_\"><label>&#916;<textarea name=\"_wpcf7_ak_hp_textarea\" cols=\"45\" rows=\"8\" maxlength=\"100\"><\/textarea><\/label><input type=\"hidden\" id=\"ak_js_1\" name=\"_wpcf7_ak_js\" value=\"199\"\/><script>document.getElementById( \"ak_js_1\" ).setAttribute( \"value\", ( new Date() ).getTime() );<\/script><\/p><div class=\"wpcf7-response-output\" aria-hidden=\"true\"><\/div>\n<\/form>\n<\/div>\n\n\n\n<p><\/p>\n","protected":false},"excerpt":{"rendered":"<p>Contacte con nosotros en el siguiente formulario para cualquier duda:<\/p>\n","protected":false},"author":2,"featured_media":0,"parent":0,"menu_order":0,"comment_status":"closed","ping_status":"closed","template":"","meta":{"footnotes":""},"class_list":["post-429","page","type-page","status-publish","hentry"],"yoast_head":"<!-- This site is optimized with the Yoast SEO plugin v27.4 - https:\/\/yoast.com\/product\/yoast-seo-wordpress\/ -->\n<title>Contacto - Blog Luxos Packaging<\/title>\n<meta name=\"robots\" content=\"index, follow, max-snippet:-1, max-image-preview:large, max-video-preview:-1\" \/>\n<link rel=\"canonical\" href=\"https:\/\/luxospackaging.com\/blog\/contacto\/\" \/>\n<meta property=\"og:locale\" content=\"es_ES\" \/>\n<meta property=\"og:type\" content=\"article\" \/>\n<meta property=\"og:title\" content=\"Contacto - Blog Luxos Packaging\" \/>\n<meta property=\"og:description\" content=\"Contacte con nosotros en el siguiente formulario para cualquier duda:\" \/>\n<meta property=\"og:url\" content=\"https:\/\/luxospackaging.com\/blog\/contacto\/\" \/>\n<meta property=\"og:site_name\" content=\"Blog Luxos Packaging\" \/>\n<meta property=\"article:modified_time\" content=\"2020-02-10T15:07:04+00:00\" \/>\n<script type=\"application\/ld+json\" class=\"yoast-schema-graph\">{\"@context\":\"https:\\\/\\\/schema.org\",\"@graph\":[{\"@type\":\"WebPage\",\"@id\":\"https:\\\/\\\/luxospackaging.com\\\/blog\\\/contacto\\\/\",\"url\":\"https:\\\/\\\/luxospackaging.com\\\/blog\\\/contacto\\\/\",\"name\":\"Contacto - Blog Luxos Packaging\",\"isPartOf\":{\"@id\":\"https:\\\/\\\/luxospackaging.com\\\/blog\\\/#website\"},\"datePublished\":\"2017-12-22T16:00:26+00:00\",\"dateModified\":\"2020-02-10T15:07:04+00:00\",\"inLanguage\":\"es\",\"potentialAction\":[{\"@type\":\"ReadAction\",\"target\":[\"https:\\\/\\\/luxospackaging.com\\\/blog\\\/contacto\\\/\"]}]},{\"@type\":\"WebSite\",\"@id\":\"https:\\\/\\\/luxospackaging.com\\\/blog\\\/#website\",\"url\":\"https:\\\/\\\/luxospackaging.com\\\/blog\\\/\",\"name\":\"Blog Luxos Packaging\",\"description\":\"Bienvenidos a nuestro blog\",\"potentialAction\":[{\"@type\":\"SearchAction\",\"target\":{\"@type\":\"EntryPoint\",\"urlTemplate\":\"https:\\\/\\\/luxospackaging.com\\\/blog\\\/?s={search_term_string}\"},\"query-input\":{\"@type\":\"PropertyValueSpecification\",\"valueRequired\":true,\"valueName\":\"search_term_string\"}}],\"inLanguage\":\"es\"}]}<\/script>\n<!-- \/ Yoast SEO plugin. -->","yoast_head_json":{"title":"Contacto - Blog Luxos Packaging","robots":{"index":"index","follow":"follow","max-snippet":"max-snippet:-1","max-image-preview":"max-image-preview:large","max-video-preview":"max-video-preview:-1"},"canonical":"https:\/\/luxospackaging.com\/blog\/contacto\/","og_locale":"es_ES","og_type":"article","og_title":"Contacto - Blog Luxos Packaging","og_description":"Contacte con nosotros en el siguiente formulario para cualquier duda:","og_url":"https:\/\/luxospackaging.com\/blog\/contacto\/","og_site_name":"Blog Luxos Packaging","article_modified_time":"2020-02-10T15:07:04+00:00","schema":{"@context":"https:\/\/schema.org","@graph":[{"@type":"WebPage","@id":"https:\/\/luxospackaging.com\/blog\/contacto\/","url":"https:\/\/luxospackaging.com\/blog\/contacto\/","name":"Contacto - Blog Luxos Packaging","isPartOf":{"@id":"https:\/\/luxospackaging.com\/blog\/#website"},"datePublished":"2017-12-22T16:00:26+00:00","dateModified":"2020-02-10T15:07:04+00:00","inLanguage":"es","potentialAction":[{"@type":"ReadAction","target":["https:\/\/luxospackaging.com\/blog\/contacto\/"]}]},{"@type":"WebSite","@id":"https:\/\/luxospackaging.com\/blog\/#website","url":"https:\/\/luxospackaging.com\/blog\/","name":"Blog Luxos Packaging","description":"Bienvenidos a nuestro blog","potentialAction":[{"@type":"SearchAction","target":{"@type":"EntryPoint","urlTemplate":"https:\/\/luxospackaging.com\/blog\/?s={search_term_string}"},"query-input":{"@type":"PropertyValueSpecification","valueRequired":true,"valueName":"search_term_string"}}],"inLanguage":"es"}]}},"_links":{"self":[{"href":"https:\/\/luxospackaging.com\/blog\/wp-json\/wp\/v2\/pages\/429","targetHints":{"allow":["GET"]}}],"collection":[{"href":"https:\/\/luxospackaging.com\/blog\/wp-json\/wp\/v2\/pages"}],"about":[{"href":"https:\/\/luxospackaging.com\/blog\/wp-json\/wp\/v2\/types\/page"}],"author":[{"embeddable":true,"href":"https:\/\/luxospackaging.com\/blog\/wp-json\/wp\/v2\/users\/2"}],"replies":[{"embeddable":true,"href":"https:\/\/luxospackaging.com\/blog\/wp-json\/wp\/v2\/comments?post=429"}],"version-history":[{"count":12,"href":"https:\/\/luxospackaging.com\/blog\/wp-json\/wp\/v2\/pages\/429\/revisions"}],"predecessor-version":[{"id":527,"href":"https:\/\/luxospackaging.com\/blog\/wp-json\/wp\/v2\/pages\/429\/revisions\/527"}],"wp:attachment":[{"href":"https:\/\/luxospackaging.com\/blog\/wp-json\/wp\/v2\/media?parent=429"}],"curies":[{"name":"wp","href":"https:\/\/api.w.org\/{rel}","templated":true}]}}